*p. Let i be a(-2). What is the tens digit of ((-1061)/(-2))/(i/(-16) - 0)?
6
Let h be 3 + 0 + -4 - -70. Suppose -h*w + 74*w = 6350. Suppose 7*l - w = -3*l. What is the hundreds digit of l?
1
Let i be ((-16789)/412)/((-2)/640). What is the tens digit of (-16)/36 - 3*i/(-54)?
2
Let j = -150 + 190. Suppose 46*c = j*c + 1560. What is the units digit of c?
0
Let k(x) = 17*x - 32. Let p(n) = 35*n - 63. Let i(z) = 13*k(z) - 6*p(z). Let l be i(5). Suppose 750 = l*h - 2*h. What is the units digit of h?
0
Let r(l) = -5*l**2 + 35*l - 2. Let f be r(2). What is the thousands digit of 352/12*f + 1?
1
What is the hundreds digit of (-1335785)/(-163) - (-1 + -10)?
2
Let z(s) = s**2 + 8*s + 18. Let k be z(-3). Suppose -k*f + 102 = 4*y, 3*f - 4*y + 13 - 115 = 0. Suppose -q + f + 38 = 0. What is the tens digit of q?
7
Let q(j) = j + 91. Suppose -11*x + 13*x + 38 = 0. What is the tens digit of q(x)?
7
Let q(k) = 2*k**3 - 2*k**2 - 4*k + 6. Let p(s) = 7*s - 2. Let r be p(1). Suppose x + 2*f - r = 0, 0 = 3*x + x - 3*f - 20. What is the units digit of q(x)?
6
Let j = -14567 + 20397. What is the tens digit of j?
3
Suppose 4105 - 20088 = -3*o + 2*d, -2 = 2*d. What is the hundreds digit of o?
3
Suppose 0 = 26*k - 36*k + 2970. Let q = -175 + k. What is the hundreds digit of q?
1
Let s(f) = 28*f**2 - f + 6. Let l be s(8). Suppose 12*k = 7*k - l. Let h = k - -506. What is the units digit of h?
8
Let l(w) = w**3 - 9*w**2 + 2*w - 16. Let t = -32 + 41. Let d be l(t). Suppose -d*h - 106 = -4*v, -4*v + 2*v + 5*h = -41. What is the tens digit of v?
2
Suppose -v + 25969 = 4*m, 2*v - 2441 = -5*m + 30024. What is the tens digit of m?
9
Let m be 3 - (5 - 1 - 22). Suppose 2*a = 2*o + 3*o - 21, 0 = 2*o - 5*a - m. What is the units digit of 16/o*3/2?
8
Suppose -23681 = -3*d - 2*n, -2*d + 15799 = -700*n + 699*n. What is the thousands digit of d?
7
Let p(a) be the third derivative of 13*a**6/120 - a**5/10 + a**4/8 - 4*a**3/3 + 25*a**2. What is the tens digit of p(4)?
4
Let v = -338 + 341. Suppose 435 = -4*i - i. What is the units digit of ((-35)/v)/(-5 + i/(-18))?
0
Let g(s) = 14042*s + 4917. What is the tens digit of g(4)?
8
Let y(u) be the second derivative of u**4/12 - 23*u**3/6 - 29*u**2 + 42*u. What is the units digit of y(27)?
0
What is the tens digit of (2629 - (0 - (-4 + 11)))*9/4?
3
Let y = 222 + -88. Let i = 22 + y. What is the units digit of i?
6
Suppose 3*b + 2*g + 24 = 77, -48 = -3*b - 3*g. Suppose -58 = -k + 61. Let w = k - b. What is the units digit of w?
8
Let t = -149 + 155. Let u(g) = -g**3 + 6*g**2 + 9*g - 4. What is the tens digit of u(t)?
5
Let d be 2 - (-3800 - -1 - 4). Let o = d + -2531. Suppose -33*p - o = -40*p. What is the hundreds digit of p?
1
Let x(w) = -2706*w - 138. What is the thousands digit of x(-12)?
2
Let i = 758 - 403. What is the hundreds digit of i - (-7)/2*66/(-77)?
3
Suppose 2*c - 82 = 560. What is the tens digit of (2 + 0 - -4) + c?
2
Let c(o) = o**3 + 7*o**2 + 47*o - 28. Let p be c(20). Suppose -15*u + p = -1128. What is the tens digit of u?
5
Let s(i) be the second derivative of i**4/3 - 2*i**3/3 + 30*i**2 - 3*i + 5. What is the hundreds digit of s(14)?
7
Let r = -67969 + 110863. What is the tens digit of r?
9
Let v(h) = -1005*h - 723. What is the thousands digit of v(-9)?
8
Let q = -24 - -31. Suppose 3*p + 11 = 4*z, -q*z + 18 = p - 4*z. What is the tens digit of (-160 - (0 + -2))/(p - 5)?
7
What is the tens digit of (228694/60 - 350/(-420))*(-10)/(-2)?
6
Suppose 3*h - 153435 = -5*z, 4*z = -0*h - 5*h + 122748. What is the ten thousands digit of z?
3
Suppose 0 = n + 4*l - 1898, -4217 - 5273 = -5*n - 5*l. What is the units digit of n/4 + 49/98?
5
Let y(n) be the first derivative of 3*n**2/2 - 14*n - 15. Let o be y(6). Suppose -o*g + 369 = -5*s, 3*g - 3*s = 2*s + 278. What is the tens digit of g?
9
Let a be 4/6 + (1 - (-445460)/(-12)). What is the units digit of (-4)/(-18) - (13 + a/144)?
5
Let v = 44 - 42. Suppose -v*h - y + 22 = 0, h - 3*h + 14 = 5*y. What is the tens digit of -4*(h - 11)*(-158)/8?
7
Let i(q) = -6*q**3 + 5*q + 3. Let s be i(-3). Let x = 16088 - 15964. Let r = s + x. What is the tens digit of r?
7
Let a(s) be the third derivative of -s**4/6 + 73*s**3/6 + 10*s**2. Let h be a(9). Let c = 33 + h. What is the tens digit of c?
7
Let o(y) = y**3 - 40*y**2 - 66*y + 74. Let v = 248 - 206. What is the tens digit of o(v)?
3
Suppose -t - 54 = 1216. What is the hundreds digit of (t/25)/(3/(-30))?
5
Let p(n) = -7212*n - 130. What is the tens digit of p(-1)?
8
Let c = 869 + -869. Suppose c = 5*o + 4*z + 1854 - 5494, -o + 719 = -z. What is the hundreds digit of o?
7
Let l be ((-12)/18)/((-2)/9). Suppose 0 = 5*b - l*a + 9, 0 = 4*b - 4*a - 0*a + 12. Suppose -5*z + 729 + 121 = b. What is the tens digit of z?
7
What is the units digit of (-60)/75*1*-11980?
4
Let n = 679 + 2021. What is the units digit of n?
0
Suppose -11*s + 258549 = 15*s - 634967. What is the thousands digit of s?
4
Suppose 31*n + 225297 - 201592 - 545559 = 0. What is the hundreds digit of n?
8
Let z be (65 - 75)*63/(-2). Let m(o) = 126*o**2 - 4*o - 3. Let d be m(-2). Suppose -z = -4*b + d. What is the units digit of b?
6
Let a = 46847 + -32656. What is the units digit of a?
1
Let j(g) = 2*g**2 - 53*g + 24. Let u be j(26). What is the units digit of 5/((-2)/u) - -808 - -2?
5
Suppose -13396 = -10*v + 66624. What is the thousands digit of v?
8
Let j(v) = -v**3 + 10*v**2 + 11*v - 4. Suppose -3*p - 3*i = 0, 3*i = p + 5*i - 1. Let w be 2/p*3/(-4)*6. What is the tens digit of j(w)?
7
What is the units digit of (2 + -1333 + 2)/((-183)/1403)?
9
Suppose -13*o - 395 = -8*o. What is the hundreds digit of (-49 - -21)*o/4?
5
Let n be (-8 + 0)/(8 + -10). Suppose j = n*j - 255. Suppose -2*s + 3*v + 64 = -0*s, -3*s = v - j. What is the units digit of s?
9
What is the units digit of 9174*1*(-3 + 4)?
4
Suppose 36 = -2*y - 5*z, 5*y = z - 33 - 30. Let b = y + 245. What is the hundreds digit of b?
2
Let g(d) = d - 6. Suppose -12*o + 16*o = 36. Let w be g(o). Suppose -3*c - 23 = -2*m, m - 5*m + 37 = w*c. What is the units digit of m?
0
Let f be 2 + ((-23 + 3)/4 - -3). Suppose 2 = -2*s, -k - 4*k - 3*s + 847 = f. Suppose 130 = 5*a - k. What is the units digit of a?
0
What is the ten thousands digit of (3 - -199611*(-4)/24)/((-9)/6)?
2
Suppose -68*t = -11*t - 2275839. What is the ten thousands digit of t?
3
Let o(r) = 8*r**2 - 3*r + 13. Let k = -8 - -10. Suppose -5*u + k*w = -22, -17 = -5*u - 2*w - w. What is the hundreds digit of o(u)?
1
Let m(b) = -7*b - 101. Let d be m(-15). Suppose -2*q + 292 = w, 0 = -d*w + 3*q + q + 1108. What is the tens digit of w?
8
What is the hundreds digit of (-1 - (-206095)/(-25))/(-9 + (-440)/(-50))?
2
Let a(q) = -285*q - 755. What is the thousands digit of a(-30)?
7
Suppose 84*r - 1562280 = -10*r. What is the ten thousands digit of r?
1
Let a(g) = g**2 + 28*g + 1. Let i be a(-28). Let y(s) = 1. Let k(v) = 8*v + 8. Let c(h) = i*k(h) - 10*y(h). What is the units digit of c(5)?
8
Let n be 4902 + (-2 - -4) - 1 - 2. Suppose 2315 = 11*w - n. What is the units digit of w?
6
Let b = 196 - 338. Let p(v) = v**3 + 15*v**2 + 16*v + 21. Let f be p(-12). Let r = f + b. What is the hundreds digit of r?
1
Let p(l) be the third derivative of l**6/30 - 7*l**5/60 + l**4/3 + 8*l**3/3 + 208*l**2. What is the hundreds digit of p(5)?
3
Let l(f) = -8*f + f + 2*f**3 + 2*f**2 + 13 - 6*f**2 - 13*f. What is the units digit of l(8)?
1
What is the tens digit of 42714/24 - (1 + 5/(-4))?
8
Suppose 1135*h = 1128*h + 28. Suppose -p - q + 1596 - 229 = 0, 2*q - 5478 = -h*p. What is the tens digit of p?
7
Let u be ((-10)/(-15))/((-8)/12)*10. What is the units digit of (1012/u + 0)*(-10 + 5)?
6
Let u = 9 - 9. Let q be 2/7 + (3408/28 - u). Let n = 194 - q. What is the units digit of n?
2
Suppose -11*g + 825 = -8*g. Suppose -5*c - 6*c = g. What is the hundreds digit of (-673)/(-5) - (-5)/c*-2?
1
Let z(n) = -2*n + 16. Let m be z(5). Let x = m - -9. Suppose 3*i + h - 40 = 0, -2*h + 0 = i - x. What is the units digit of i?
3
Suppose 5*i - 1839 - 15281 = 0. Suppose -i = -219*c + 215*c. What is the hundreds digit of c?
8
Let b be 46*57 - (36 + -44). Suppose 0 = 19*g - b + 426. What is the tens digit of g?
1
Let h(b) = 2*b**2 + 12*b + 3. Let m be h(-6). Let v = 9 - m. Let l = v + 22. What is the tens digit of l?
2